2 - 3*b + 9. Let j be w(5). What is the units digit of 896/(-42)*j/4?
2
Let c = -4417 - -11081. What is the thousands digit of c?
6
Let b(x) = 51*x**2 + 2*x + 1. Let g be b(-2). Suppose -7 = -4*j + g. Let d = 189 - j. What is the hundreds digit of d?
1
Suppose 0 = w + 1 - 3, -2*w = -2*n + 6. Suppose -29 = -2*b - 21. Suppose k - n*k - 304 = -2*y, -b*k - 154 = -y. What is the units digit of y?
0
Suppose 5*q = 3*m - 7*m - 40, -3*q = 5*m + 37. Let v be q/(-18) - 40/18. Let w = v - -103. What is the tens digit of w?
0
Let q(g) = -4*g**3 - 15*g**2 - 14. What is the ten thousands digit of q(-17)?
1
Let c = 90112 - 51792. What is the thousands digit of c?
8
Let p be (-12)/(-6) + -6 - -395. Let w = 680 - p. What is the tens digit of w?
8
Let u(i) = 15*i**2 - 5*i + 10. Let y(v) = -v**2 + 1. Let d(p) = 2*u(p) - 6*y(p). What is the hundreds digit of d(4)?
5
Let n be (4 - -1 - 1)*(15 + -2). Suppose -35070 = -n*o + 4554. What is the hundreds digit of o?
7
Suppose 2592 = 44*h + 18828. Let v = -96 - h. What is the hundreds digit of v?
2
Suppose -2 = -g, -4*v + 48 = 6*g - 2*g. Suppose n = l - 0*n - v, 4*l + 3*n = 5. Suppose 3*z = 4*u - u + 138, -z - l*u = -64. What is the tens digit of z?
4
Let h(g) = 49*g**2 + 17*g - 39. Suppose 25 = 4*b + b. What is the units digit of h(b)?
1
Suppose -2*v + 4*v - 5*g = 19, v + 4*g - 3 = 0. Let q(u) = u**2 - 5*u + 8. Let y be q(v). What is the tens digit of ((-2)/(-6))/(y/1056)?
1
Let g(x) = -467*x**3 + 11*x**2 - 61*x + 39. Let b(j) = 234*j**3 - 5*j**2 + 30*j - 20. Let k(z) = 9*b(z) + 4*g(z). What is the hundreds digit of k(1)?
2
Suppose 2*m + 4*q = 1022, -15 = -5*q + 10. Suppose 5*l - 414 - m = 0. What is the hundreds digit of l?
1
Let w(x) be the first derivative of 2*x**2 + 58*x - 17. Let b be w(0). Suppose -b = -t + f, t - 2*f = -3*t + 234. What is the units digit of t?
9
Let x = -12598 + 18261. What is the tens digit of x?
6
Let k(t) = 56203*t**2 + 342*t - 343. What is the thousands digit of k(1)?
6
Suppose 5*q = 43177 + 26153. What is the ten thousands digit of q?
1
Let x(s) = s**3 - 10*s**2 + 11*s + 4. Let p(l) = l**2 + 4*l - 6. Let o be p(-5). Let a be 1/6 + o/(-12)*106. What is the units digit of x(a)?
2
Let j = 62855 - 43699. What is the units digit of j?
6
Let j be (2 - 8)/((-5)/((-5)/2)). Let f = 2 - j. Suppose -80 = -f*n + 2*l, -48 = -0*n - 2*n + 4*l. What is the tens digit of n?
1
What is the hundreds digit of 966/(-5)*(-210 - -160)?
6
Let y(i) = -5*i + 19. Let z(d) = 2*d**3 - 2*d**2 - 2*d + 3. Let b be z(3). Suppose -21 = 6*u + b. What is the units digit of y(u)?
4
What is the tens digit of (-8*9/(-180))/((-3)/(-3885))?
1
Suppose 0 = -2*k + k - 2*q - 3, -5*k + 6 = 3*q. Suppose -k*f + 20 = 2*f. Suppose -g = v + 4*v - 92, f*v + 47 = g. What is the units digit of g?
7
Let g = 1827 - 768. What is the units digit of (g/6)/(4/8)?
3
Suppose 83*x - 24309 = 42*x + 32*x. What is the thousands digit of x?
2
Suppose 3*h = 5*r + 24, r = 5*h + 6 - 24. Suppose 2*x + s - 100 = 1290, h*s + 2085 = 3*x. What is the tens digit of x?
9
Let b(r) = r**3 + 11*r**2 - 17*r - 30. Suppose -6 + 22 = -2*v + 3*j, 2*j = -5*v - 59. What is the hundreds digit of b(v)?
1
Let u(d) be the second derivative of -d**5/10 + d**4/3 - 2*d**3/3 - 5*d**2 + 2*d - 4. What is the tens digit of u(-4)?
9
Let c(o) be the second derivative of 3*o**5/20 + o**4/6 - 2*o**3/3 - 4*o - 15. Let d be 2 + (-12)/3 + 5. What is the units digit of c(d)?
7
Let d be -3*(2 + -1)*-1. Suppose p + 156 = d*g, -4*p + 6*g - 5*g = 635. Let y = -57 - p. What is the units digit of y?
2
Let f(x) = x**3 - 6*x**2 + 2*x + 5. Let p be f(6). Let d(v) = -3 + 9*v**2 + 10*v - p*v + 13 - v**3. What is the tens digit of d(7)?
5
Let h(g) = 46*g - g**2 - 24 - 76 + 39. Let f be h(29). Let o = f + -154. What is the units digit of o?
8
Let n(f) = 3885*f**3 + f**2 + 187*f - 378. What is the thousands digit of n(2)?
1
Suppose 763*z - 3663 = 752*z. Let t be -1*(1 - 142*-1). Let g = z + t. What is the tens digit of g?
9
Suppose 5 = -4*d + 5*d. Let q(p) = 93*p + 8. What is the tens digit of q(d)?
7
Let z(c) = c**3 + 10*c**2 - 11*c + 11. Let v(y) = y**2. Let p(f) = -v(f) - z(f). Let l be p(-12). What is the tens digit of (-3 - -68 - 0)*l?
6
Let m = -362 - -703. Suppose m + 401 = 14*n. What is the units digit of n?
3
Suppose 4*l - 68 = -124. What is the thousands digit of (-23894)/l - (-8)/28?
1
Suppose -2*x + 5*h - 14 = 0, -5*x - 12 = -5*h + 8. Let g(k) = 53*k**2 + 11*k + 17. What is the tens digit of g(x)?
0
Let n(p) = -5*p**3 - 9*p**2 - 17*p + 14. Let f be (-12)/(-5)*20/(-8). What is the units digit of n(f)?
2
Suppose -2*w - 128 = 2*w. Let d be (-2)/(-4)*-47*2. Let y = w - d. What is the units digit of y?
5
Let w(d) = 6*d**3 + d**2 - 7*d + 2. Let o(m) = 9*m - 3. Let h be o(5). Let t be (5 + 0)*h/70. What is the units digit of w(t)?
2
Let i = -2233 + 4280. Suppose -10*s = i - 6947. What is the tens digit of s?
9
Suppose 0 = 2*f - 5*c - 3430, 5*c - 4*c + 6824 = 4*f. Suppose 2*z - 2646 = -4*g, -2*g + 3575 = 4*z - f. What is the hundreds digit of z?
3
Let d be (1/(-7))/((-5)/70). Suppose 0 = -d*y - 14*y + 15408. What is the units digit of y?
3
Suppose 7*s = -2*s + 24804 + 8028. What is the units digit of s?
8
Let a be 17743/(-55) + (26/10 - 2). What is the units digit of (-4545)/(-11) + (a/77 - -4)?
3
Suppose -x - c - 241 = 0, 3*c = 8*x - 5*x + 699. Let f be (2/(-2))/(2/38). What is the units digit of (f/(-57))/((-1)/x)?
9
Let a be -5*(-35)/25 + -7. Suppose a*c + 5*q + 2280 = 5*c, -q = -3*c + 1374. What is the units digit of c?
9
Let l(a) = 13*a**3 - 20*a**2 - 43*a - 25. What is the thousands digit of l(11)?
4
Suppose 0 = 53*i - 28*i + 8609 - 213459. What is the units digit of i?
4
Let b(m) = -m**2 + 18*m - 19. Suppose 0 = 4*z - 34 - 30. Let d be ((-6)/(-4))/3*352/z. What is the units digit of b(d)?
8
Suppose -18 = m - x, -4*x + 5*x + 62 = -3*m. Let y be ((-786)/4 + 10/m)*1. Let a = y + 286. What is the tens digit of a?
8
Suppose 0 = -16*o + 17*o. Suppose 10*a - 14 - 46 = o. Let k(q) = 6*q**2 - 8*q + 18. What is the units digit of k(a)?
6
Let s(t) = -t**3 - 32*t**2 - 50*t + 5. Let i be s(-30). What is the hundreds digit of 0 - (i*2)/5?
1
Let y be 418/16 - (-2)/(-16). Let c = -2 - y. Let i = 102 + c. What is the tens digit of i?
7
Suppose 6*x + 8 = 5*q + 4*x, -4*q + 10 = 2*x. Let c(z) = -17 + q - 73*z - 25 - 9. What is the tens digit of c(-5)?
1
Let b(t) = 2*t**2 - 28*t + 21. Suppose 9*u = 14*u - 90. Let f be b(u). Let g = 300 - f. What is the hundreds digit of g?
1
Suppose -3*z + 5*d + 43746 = 0, -5*d - 8726 = 5*z - 81716. What is the units digit of z?
2
Suppose -4*x + l + 31 = 0, l - 15 = -10. Suppose -x*v + 5544 = -0*v. What is the units digit of v?
6
Suppose 27*s - 5*d - 18 = 26*s, 0 = -s + d + 6. Suppose -s*c - 139 = -2*g, 4*c - 9 = -13. What is the tens digit of g?
6
Let j(k) = 51*k - 62. Let h(a) = 47*a - 63. Let p(o) = 3*h(o) - 4*j(o). What is the tens digit of p(-7)?
0
Suppose 0 = 2*r - p - 4 - 1, -5*r + p = -11. Suppose 0 = -y - 4, 3*y = r*j - 924 - 20. What is the hundreds digit of j?
4
Suppose -4*l + 5*u - 12 = 0, 6*u + 16 = 2*u. Let o(i) = 7*i + 56. Let z be o(l). Suppose 4*n - 672 = -4*x, z = -x + 4 - 2. What is the hundreds digit of n?
1
Let t = 99 + -92. Let m be (-5 + t)*-2*(-822)/4. Suppose 0 = 4*p + 190 - m. What is the hundreds digit of p?
1
Suppose 134*s + 994683 - 8830199 = 0. What is the thousands digit of s?
8
Let d be 12*(-5)/(30/(-16)). Let z = d + -30. What is the units digit of 1074/9 + z/(-6)?
9
Let l = 373 + -475. Let j = l - -237. What is the hundreds digit of j?
1
Let l be (-9 - 184/(-24))/((-1)/(-9)). Let v(m) = -m**3 + 16*m - 4 - 10*m**2 + m**3 - m**3. What is the units digit of v(l)?
2
Let s(u) = 8*u - 15. Let a(f) = -f**3 - 13*f**2 + 2*f + 27. Let k be a(-13). Let x = k - -5. What is the units digit of s(x)?
3
Suppose 3*h - 31914 = -3*j, -j + 21273 = 3*h - h. What is the units digit of h?
5
Let u(h) be the third derivative of 21*h**3 + 0 - 30*h**2 - 1/6*h**4 + 0*h. What is the tens digit of u(0)?
2
Suppose 2*t - 6 = -3*q + t, -2*t = 6. What is the units digit of (-131)/(((3 + q)/(-3))/8)?
4
Let r = -4 + 6. Suppose 5*w + 8 = 4*d, -3 = -r*w - 3*d + 3. What is the units digit of 5 + (2 - 3)*-1 + w?
6
What is the tens digit of (-843111)/(-21) - 80/560?
4
Suppose 0 = 4*s - 0